 = v**3 - 6*v**2 + 5*v + 2. Calculate s(i).
2
Let f(s) be the second derivative of s**4/8 + 7*s**3/6 + s**2/2 + 3*s. Let t(g) be the first derivative of f(g). Give t(-5).
-8
Let x(a) = -8*a**3 + 1. Let d = 2 - 5. Let z be (d + 6)/3 + -2. Calculate x(z).
9
Let z(o) = 7*o**3 + 5*o**2 - 4*o + 5. Let v(d) = 8*d**3 + 5*d**2 - 5*d + 6. Let x(l) = -6*v(l) + 7*z(l). Suppose 4*k = 6*k + 24. Let n = k + 10. Give x(n).
7
Let a be 12*((-5)/2)/5. Let x(s) be the second derivative of -s**3/6 - 4*s**2 - 5*s. Determine x(a).
-2
Let v = -27 - -22. Let w(y) = -y**2 - 6*y - 7. What is w(v)?
-2
Let j(t) = 9*t - 5 + t**2 - 5 + 3 - 5. Calculate j(-10).
-2
Suppose 4*w - 4*x = 0, w - 2*x = -2*w + 5. Let i(q) be the third derivative of -q**2 + 0*q**4 + 0*q + 0*q**w + 0 + 0*q**3 - 1/24*q**6. What is i(-1)?
5
Let b(r) = r**2 - r + 1. Let y be b(3). Let u(a) = -16*a - y*a**2 + 5*a + 8*a**2. Let m be u(11). Let z(c) = c**2 + c + 8. Give z(m).
8
Suppose -6*p + 7 = 3*z - 2*p, 3*p = -3*z + 3. Let q = z - -3. Let c(b) = b + q*b**2 - 4*b - b**2. Give c(-5).
-10
Let b(j) = -17 + 24 + j + 2*j - 2*j. Determine b(0).
7
Suppose -o + 2 + 0 = 0. Let l(i) = 4*i - 4. Let v(c) = 4*c - 5. Let s(x) = -8*x + 10. Let h(u) = 3*s(u) + 5*v(u). Let w(b) = o*h(b) + 3*l(b). Give w(2).
6
Let q(t) = 2*t + 12. Let h be q(-5). Let l(s) = -6*s**h + s**3 - 3 - 3 + 0*s**2 + 5*s. Determine l(5).
-6
Let f(k) be the second derivative of k**3 + k**2/2 - 5*k. Give f(1).
7
Let p(y) = -y**2 - y. Let t(b) = 2*b - 1. Let o be t(3). Suppose -2*k + o*k - 6 = 0. Calculate p(k).
-6
Let g(v) = -v**3 + 6*v**2 + 2*v - 9. Let m be 5 + 4*((-9)/(-4) - 2). What is g(m)?
3
Let g be (-24)/(6/(-2)) + -1. Let t(a) = g*a - 5*a + 5*a**2 + 2*a**2 - 3*a. Determine t(1).
6
Let q(u) = 7*u**2 - 2*u - 4. Let p(z) = z**2 - 11*z - 6. Let t be p(12). Let h(c) = -15*c**2 + 5*c + 8. Let m(g) = t*h(g) + 13*q(g). Give m(-5).
1
Let j(o) be the third derivative of o**5/60 + o**4/24 - o**3/6 - 2*o**2. Suppose -50*m - 12 = -46*m. Give j(m).
5
Let m(n) be the second derivative of n**3/6 - 2*n**2 - n. Let g(h) = 3*h - 7. Let o(y) = -2*g(y) + 5*m(y). Let z(i) = i + 2. Let c be z(-8). Calculate o(c).
0
Let m(w) = 5*w - w**2 + w + 3 + 2. Let u(v) = v**3 - 2*v**2 + 3*v + 2. Let b be u(3). Let f be (b/(-6))/(2/(-3)). Determine m(f).
10
Suppose 5*w + 28 = j, -7*j + 12 = -3*j. Let z(h) = -4*h + 5. Let o(x) = 6*x - 5. Let m(t) = 3*o(t) + 4*z(t). Calculate m(w).
-5
Let n(q) = -5*q - 2 + 7*q**2 - 3 + 8*q**3 - 3 - 3*q. Let d(m) = -7*m**3 - 6*m**2 + 7*m + 7. Let b(w) = -7*d(w) - 6*n(w). Calculate b(2).
5
Let c(t) = t + 60 - 117 + 52. Let a be ((-12)/9)/((-2)/(-9)). Calculate c(a).
-11
Suppose -i - 3 = -2*i. Let q(l) = 11 - l - l + i*l. Let c(y) = -7*y + 51. Let r be c(8). What is q(r)?
6
Let o(g) be the first derivative of -7*g - 1/2*g**2 + 3. Give o(-5).
-2
Let b(m) = m**3 - 10*m**2 + 9*m - 3. Let l be b(9). Suppose 0 = -2*q + 2 + 2. Let w(c) = 2*c + c + 0*c + c**q - 2. What is w(l)?
-2
Let f(w) = -w**2 + 5*w + 5. Let g be f(5). Suppose -5 = -g*u, 3*u + 5 = -5*z - 2*u. Let n(q) = -q**2 - 6*q - 3. Determine n(z).
5
Let r(d) = -d**2 + 1. Suppose 2*o + 2*o = 24. Suppose -3*q - 17 = -2*s - 6, 2*q + o = s. Give r(q).
0
Let y(h) = h + 2 + 4*h**3 - 2*h**3 - 57*h**2 + 52*h**2 + 0. Let q be (1 + 2)/(1 - 0). Give y(q).
14
Let a(u) = u**3 - 3*u**2 - u + 4. Let f = -2 + 14. Suppose 0*r + f = 4*r. Determine a(r).
1
Let p(j) = -3*j - 25 + j**2 - 2*j**2 + 26 - j. Determine p(-5).
-4
Let p(c) = -c - 4. Suppose 0 = 4*r - 16, 0*o - 3*o - 5*r = -44. Let g be 2/(-4)*0/o. Calculate p(g).
-4
Let z(h) = -h**2 - 10*h + 16. Let l be z(-11). Let d(a) = -a**3 + 6*a**2 - 7*a + 5. What is d(l)?
-5
Let z(j) = -9*j**2 - 2*j - 1. Let k be 44/12*(-9)/(-3). Let o = k + -12. Determine z(o).
-8
Let b(o) = o**3 + 7*o**2 - 16*o + 14. Let x be b(-9). Let i(c) be the third derivative of c**4/12 - 2*c**3/3 + c**2. Give i(x).
-12
Let z(c) be the second derivative of 1/2*c**2 - 2/3*c**3 + 1/12*c**4 + 0 + c. Let m(a) be the first derivative of z(a). What is m(5)?
6
Let a(v) = 2*v**2 + 2*v - 4. Let t(f) = -2*f**2 - 2*f + 4. Let u(j) = -4*a(j) - 5*t(j). Determine u(-3).
8
Let y(h) be the second derivative of -h**4/12 + h**3/6 - h**2 - 4*h. Let v be y(0). Let g(b) = -b**2 + 1. What is g(v)?
-3
Let s be (-2)/(-1 + 0) + 2. Suppose 0 = -2*d + s*d + 6. Let t(w) = -w**3 - 2*w**2 + 3*w - 1. Give t(d).
-1
Let n(d) = d**3 + 9*d**2 + 10*d - 3. Suppose 0 = -5*t - 19 - 16. Determine n(t).
25
Let s be 4/(-10) - (-32)/5. Let h be ((-3)/s + 0)*0. Let p(a) = 4*a - 5. Let k(y) = -11*y + 16. Let v(o) = -3*k(o) - 8*p(o). What is v(h)?
-8
Let k(h) be the third derivative of h**4/24 - h**3/6 - h**2. Let u be (-6)/45 + 208/(-240). Give k(u).
-2
Let z(q) = 6*q - 5*q**2 - q**3 - 3*q + 2*q**2. Suppose -5*b + 14 = -6. Suppose 4*d - 36 = 5*i - 0*i, -5*d = -b*i - 36. Determine z(i).
4
Let l(k) = -7 + 2*k + k**3 - 1 + 4*k + 8*k**2. Calculate l(-7).
-1
Let s(h) = 4*h - 7. Let r(g) = -5*g + 7. Let l(c) = -5*r(c) - 6*s(c). Give l(0).
7
Let z(q) = -q**3 - q**2 + 2*q + 1. Suppose -2*r = 2*r + 16. Let b be (6/9)/(r/(-12)). Suppose -5*n + j + 12 = 0, -b = n - 0*n + 2*j. Calculate z(n).
-7
Let a(v) be the second derivative of v**6/120 + v**5/30 - v**4/6 - v**3/2 - 3*v**2/2 + 3*v. Let t(x) be the first derivative of a(x). Give t(-2).
5
Let p(o) = -o**3 - 2*o**2 + o - 4. Let f be 0 - 5/((-20)/(-12)). What is p(f)?
2
Let y(i) = -i**3 + 4*i**2 - 2*i + 2. Let n be y(3). Let v(w) = w - w + w - n. Let j be v(9). Let q(k) = -k**2 + 7*k - 6. Determine q(j).
6
Let d(o) = o**2 + 7*o + 7. Let j(n) = -n**3 + 8*n**2 - 8*n + 2. Let f be j(7). Determine d(f).
-3
Let l(f) = -5*f**3 + 9*f**2. Let x(z) = -7*z**3 + 10*z**2 + 1. Let s(g) = 3*l(g) - 2*x(g). Calculate s(7).
-2
Let m(t) = t - t - 2 - 2 - 3*t. Calculate m(3).
-13
Let a(n) = 5*n**2 + n + n - 5*n**2 + n**2 - 5. Determine a(-6).
19
Let x(j) = -2*j + 2 - 2 - 2. Suppose 0 = 5*y + 20, 3*c + y + 3*y = -10. Calculate x(c).
-6
Suppose -u - 5*x = u + 9, 0 = -3*u - 4*x - 3. Let h(c) = 3*c**2 - 4*c - 1. Calculate h(u).
14
Let z(f) = 5*f**3 - 8*f**2 - 6*f. Let b(t) = -t - 2*t**3 + 0*t**2 - t**2 + 3*t**3. Let w(x) = 4*b(x) - z(x). Suppose k + 29 = 33. Determine w(k).
8
Let b(g) = 8*g + 1. Suppose 0 = p - 5*h - 3 - 1, 0 = -4*p + 5*h + 16. Suppose -x + 3*x = p. Suppose 3*c + 5 = x. What is b(c)?
-7
Let r(z) = -z**2 - 4*z + 2. Let n be r(-4). Let o(i) = i**3 + 2*i - 2 - 3*i - 4*i**n + i + i. Calculate o(3).
-8
Let j(s) be the first derivative of -s**4/6 - s**3/6 + s**2 - 4*s + 1. Let x(y) be the first derivative of j(y). Give x(-2).
-4
Let l(p) = p**3 + 5*p**2 - 2. Let w(s) = -s**2 - 6*s + 2. Let y be w(-6). Let f = -7 + 4. Let j be f*(y/3 + 1). Calculate l(j).
-2
Suppose 21 = 4*p - 7. Let s(z) = p*z**2 - 12*z**2 + z + 2*z**2 - 3*z. Give s(-2).
-8
Suppose -13*n = -24*n + 77. Let j(c) = -2*c + 0*c + 3*c. What is j(n)?
7
Suppose 4*y + 0 = 12. Let j(g) be the third derivative of -g**5/120 - g**4/8 - g**3/6 + g**2. Let q(o) be the first derivative of j(o). Give q(y).
-6
Let a(z) = -5*z - z**2 + 0*z + 6 + z + 0. What is a(-5)?
1
Let m(d) = 2*d + 6. Let i(y) = 12*y + 0*y**2 + 1 - 7 - y**2. Suppose 6 = o - 3*x - 0*x, -16 = -o - 2*x. Let b be i(o). Give m(b).
-6
Let d(u) be the third derivative of u**6/120 - u**5/12 + u**4/6 - 2*u**2 + 11*u. What is d(5)?
20
Let x(b) be the third derivative of -b**6/120 + b**5/20 + b**4/24 - b**3/3 + b**2. What is x(3)?
1
Let b be 20/3 + (-8)/12. Let o(n) = -n**2 + 3*n - b - 6*n + 3. Calculate o(-2).
-1
Let y(l) = -2*l - 4. Let z be y(-8). Let h = z + -11. Let u(d) = 2*d**3 - d**2 - d + 1. Give u(h).
1
Suppose 3*a = 2*f + 3 + 5, -5*a + 30 = 5*f. Suppose -6 + f = -2*k. Let z(n) = -n - 6*n**k + 10 + n - 17 + n**3. What is z(6)?
-7
Let d(y) = 3 - 1 - 4*y + 4 + y**2. Let v(h) = 21*h - 2. Let u be v(1). Suppose 3*n = 4*r - 25, u = 5*r - 4*r - 5*n. What is d(r)?
6
Let k(r) = 2 + 2*r + r - 4 - 7*r. Calculate k(-3).
10
Let w(p) = p + 3. Let l be -1 - (-9*2)/3. Suppose -l*m = 1 + 14. Let y(i) = -2*i - 1. Let u be y(m). Calculate w(u).
8
Let m(j) = -2*j + 9. Let n(w) = w + 1. Let v(b) = 5*b + 6. Let y(s) = -6*n(s) + v(s). Let k be y(-6). Determine m(k).
-3
Let t(z) = z**2 + 4*z - 5. Let m be (4/(-1))/(10/(-35)). Suppose 4*a = 2*o + 5*a + m, -2 = o - 2*a. Calculate t(o).
7
Let a be (4 + -1 - 1)